{"id":713,"date":"2026-03-03T18:38:58","date_gmt":"2026-03-03T18:38:58","guid":{"rendered":"https:\/\/raiceseventos.com.ar\/inicio\/?page_id=713"},"modified":"2026-03-03T21:31:34","modified_gmt":"2026-03-03T21:31:34","slug":"entrevista-ale","status":"publish","type":"page","link":"https:\/\/raiceseventos.com.ar\/inicio\/emprendefest-cba\/entrevista-ale\/","title":{"rendered":"Entrevista Ale"},"content":{"rendered":"\t\t<div data-elementor-type=\"wp-page\" data-elementor-id=\"713\" class=\"elementor elementor-713\">\n\t\t\t\t<div class=\"elementor-element elementor-element-e2046f7 e-flex e-con-boxed e-con e-parent\" data-id=\"e2046f7\" data-element_type=\"container\" data-e-type=\"container\" data-settings=\"{&quot;background_background&quot;:&quot;classic&quot;}\">\n\t\t\t\t\t<div class=\"e-con-inner\">\n\t\t\t\t<div class=\"elementor-element elementor-element-fdfff54 elementor-hidden-tablet elementor-hidden-mobile elementor-widget elementor-widget-spacer\" data-id=\"fdfff54\" data-element_type=\"widget\" data-e-type=\"widget\" data-widget_type=\"spacer.default\">\n\t\t\t\t<div class=\"elementor-widget-container\">\n\t\t\t\t\t\t\t<div class=\"elementor-spacer\">\n\t\t\t<div class=\"elementor-spacer-inner\"><\/div>\n\t\t<\/div>\n\t\t\t\t\t\t<\/div>\n\t\t\t\t<\/div>\n\t\t\t\t\t<\/div>\n\t\t\t\t<\/div>\n\t\t<div class=\"elementor-element elementor-element-5431dee e-flex e-con-boxed e-con e-parent\" data-id=\"5431dee\" data-element_type=\"container\" data-e-type=\"container\" data-settings=\"{&quot;background_background&quot;:&quot;classic&quot;}\">\n\t\t\t\t\t<div class=\"e-con-inner\">\n\t\t<div class=\"elementor-element elementor-element-39158b4 e-con-full e-flex e-con e-child\" data-id=\"39158b4\" data-element_type=\"container\" data-e-type=\"container\">\n\t\t\t\t<div class=\"elementor-element elementor-element-e3590c1 elementor-widget elementor-widget-image\" data-id=\"e3590c1\" data-element_type=\"widget\" data-e-type=\"widget\" data-widget_type=\"image.default\">\n\t\t\t\t<div class=\"elementor-widget-container\">\n\t\t\t\t\t\t\t\t\t\t\t\t\t\t\t<img fetchpriority=\"high\" decoding=\"async\" width=\"1024\" height=\"1024\" src=\"https:\/\/raiceseventos.com.ar\/inicio\/wp-content\/uploads\/2026\/03\/9.jpg\" class=\"attachment-large size-large wp-image-628\" alt=\"\" srcset=\"https:\/\/raiceseventos.com.ar\/inicio\/wp-content\/uploads\/2026\/03\/9.jpg 1024w, https:\/\/raiceseventos.com.ar\/inicio\/wp-content\/uploads\/2026\/03\/9-300x300.jpg 300w, https:\/\/raiceseventos.com.ar\/inicio\/wp-content\/uploads\/2026\/03\/9-150x150.jpg 150w, https:\/\/raiceseventos.com.ar\/inicio\/wp-content\/uploads\/2026\/03\/9-768x768.jpg 768w, https:\/\/raiceseventos.com.ar\/inicio\/wp-content\/uploads\/2026\/03\/9-600x600.jpg 600w, https:\/\/raiceseventos.com.ar\/inicio\/wp-content\/uploads\/2026\/03\/9-450x450.jpg 450w, https:\/\/raiceseventos.com.ar\/inicio\/wp-content\/uploads\/2026\/03\/9-100x100.jpg 100w\" sizes=\"(max-width: 1024px) 100vw, 1024px\" \/>\t\t\t\t\t\t\t\t\t\t\t\t\t\t\t<\/div>\n\t\t\t\t<\/div>\n\t\t\t\t<\/div>\n\t\t<div class=\"elementor-element elementor-element-e5c853f e-con-full e-flex e-con e-child\" data-id=\"e5c853f\" data-element_type=\"container\" data-e-type=\"container\" data-settings=\"{&quot;background_background&quot;:&quot;classic&quot;}\">\n\t\t\t\t<div class=\"elementor-element elementor-element-4cd1eb0 elementor-widget elementor-widget-text-editor\" data-id=\"4cd1eb0\" data-element_type=\"widget\" data-e-type=\"widget\" data-widget_type=\"text-editor.default\">\n\t\t\t\t<div class=\"elementor-widget-container\">\n\t\t\t\t\t\t\t\t\t<p data-start=\"111\" data-end=\"244\">Viv\u00ed la experiencia de ser entrevistado el d\u00eda anterior del Emprendefest C\u00f3rdoba por Ale Leguizam\u00f3n y cont\u00e1 tu historia frente a una comunidad emprendedora real.<\/p>\n<p data-start=\"246\" data-end=\"325\">Una conversaci\u00f3n genuina sobre tu marca, tu recorrido y el impacto que gener\u00e1s.<\/p>\n<p data-start=\"327\" data-end=\"481\">Adem\u00e1s, te llev\u00e1s el material en crudo para que puedas transformarlo en m\u00faltiples contenidos para tus redes: reels, fragmentos, frases, testimonios y m\u00e1s.<\/p>\n<p data-start=\"483\" data-end=\"578\">Es contenido estrat\u00e9gico listo para amplificar tu posicionamiento.<\/p>\n<p data-start=\"580\" data-end=\"664\">Mostr\u00e1s tu voz.<br data-start=\"595\" data-end=\"598\">Fortalec\u00e9s tu autoridad.<br data-start=\"622\" data-end=\"625\">Gener\u00e1s material aut\u00e9ntico que conecta.<\/p>\n<p data-start=\"666\" data-end=\"764\" data-is-last-node=\"\" data-is-only-node=\"\">Ideal si quer\u00e9s visibilidad y contenido real que siga trabajando para tu marca despu\u00e9s del evento.<\/p>\n<p data-start=\"334\" data-end=\"530\">*Incluye una merienda el d\u00eda previo al Evento. (08 de Mayo)<\/p>\t\t\t\t\t\t\t\t<\/div>\n\t\t\t\t<\/div>\n\t\t\t\t<div class=\"elementor-element elementor-element-90bf70c elementor-widget elementor-widget-heading\" data-id=\"90bf70c\" data-element_type=\"widget\" data-e-type=\"widget\" data-widget_type=\"heading.default\">\n\t\t\t\t<div class=\"elementor-widget-container\">\n\t\t\t\t\t<h2 class=\"elementor-heading-title elementor-size-default\">$800.000<\/h2>\t\t\t\t<\/div>\n\t\t\t\t<\/div>\n\t\t\t\t<div class=\"elementor-element elementor-element-8970895 elementor-widget elementor-widget-button\" data-id=\"8970895\" data-element_type=\"widget\" data-e-type=\"widget\" data-widget_type=\"button.default\">\n\t\t\t\t<div class=\"elementor-widget-container\">\n\t\t\t\t\t\t\t\t\t<div class=\"elementor-button-wrapper\">\n\t\t\t\t\t<a class=\"elementor-button elementor-button-link elementor-size-sm\" href=\"https:\/\/mpago.la\/2Y7kCPo\">\n\t\t\t\t\t\t<span class=\"elementor-button-content-wrapper\">\n\t\t\t\t\t\t\t\t\t<span class=\"elementor-button-text\">Quiero!<\/span>\n\t\t\t\t\t<\/span>\n\t\t\t\t\t<\/a>\n\t\t\t\t<\/div>\n\t\t\t\t\t\t\t\t<\/div>\n\t\t\t\t<\/div>\n\t\t\t\t<div class=\"elementor-element elementor-element-3b602e7 elementor-widget elementor-widget-spacer\" data-id=\"3b602e7\" data-element_type=\"widget\" data-e-type=\"widget\" data-widget_type=\"spacer.default\">\n\t\t\t\t<div class=\"elementor-widget-container\">\n\t\t\t\t\t\t\t<div class=\"elementor-spacer\">\n\t\t\t<div class=\"elementor-spacer-inner\"><\/div>\n\t\t<\/div>\n\t\t\t\t\t\t<\/div>\n\t\t\t\t<\/div>\n\t\t\t\t<\/div>\n\t\t\t\t<div class=\"elementor-element elementor-element-3ee81d6 elementor-widget elementor-widget-spacer\" data-id=\"3ee81d6\" data-element_type=\"widget\" data-e-type=\"widget\" data-widget_type=\"spacer.default\">\n\t\t\t\t<div class=\"elementor-widget-container\">\n\t\t\t\t\t\t\t<div class=\"elementor-spacer\">\n\t\t\t<div class=\"elementor-spacer-inner\"><\/div>\n\t\t<\/div>\n\t\t\t\t\t\t<\/div>\n\t\t\t\t<\/div>\n\t\t\t\t\t<\/div>\n\t\t\t\t<\/div>\n\t\t<div class=\"elementor-element elementor-element-a6cd228 elementor-hidden-tablet elementor-hidden-mobile e-flex e-con-boxed e-con e-parent\" data-id=\"a6cd228\" data-element_type=\"container\" data-e-type=\"container\" data-settings=\"{&quot;background_background&quot;:&quot;classic&quot;}\">\n\t\t\t\t\t<div class=\"e-con-inner\">\n\t\t\t\t<div class=\"elementor-element elementor-element-1ea5f17 elementor-widget elementor-widget-spacer\" data-id=\"1ea5f17\" data-element_type=\"widget\" data-e-type=\"widget\" data-widget_type=\"spacer.default\">\n\t\t\t\t<div class=\"elementor-widget-container\">\n\t\t\t\t\t\t\t<div class=\"elementor-spacer\">\n\t\t\t<div class=\"elementor-spacer-inner\"><\/div>\n\t\t<\/div>\n\t\t\t\t\t\t<\/div>\n\t\t\t\t<\/div>\n\t\t\t\t\t<\/div>\n\t\t\t\t<\/div>\n\t\t\t\t<\/div>\n\t\t","protected":false},"excerpt":{"rendered":"<p>Viv\u00ed la experiencia de ser entrevistado el d\u00eda anterior del Emprendefest C\u00f3rdoba por Ale Leguizam\u00f3n y cont\u00e1 tu historia frente a una comunidad emprendedora real. Una conversaci\u00f3n genuina sobre tu marca, tu recorrido y el impacto que gener\u00e1s. Adem\u00e1s, te llev\u00e1s el material en crudo para que puedas transformarlo en m\u00faltiples contenidos para tus redes: [&hellip;]<\/p>\n","protected":false},"author":2,"featured_media":0,"parent":556,"menu_order":0,"comment_status":"closed","ping_status":"closed","template":"","meta":{"two_page_speed":[],"footnotes":""},"class_list":["post-713","page","type-page","status-publish","hentry"],"jetpack_sharing_enabled":true,"_links":{"self":[{"href":"https:\/\/raiceseventos.com.ar\/inicio\/wp-json\/wp\/v2\/pages\/713","targetHints":{"allow":["GET"]}}],"collection":[{"href":"https:\/\/raiceseventos.com.ar\/inicio\/wp-json\/wp\/v2\/pages"}],"about":[{"href":"https:\/\/raiceseventos.com.ar\/inicio\/wp-json\/wp\/v2\/types\/page"}],"author":[{"embeddable":true,"href":"https:\/\/raiceseventos.com.ar\/inicio\/wp-json\/wp\/v2\/users\/2"}],"replies":[{"embeddable":true,"href":"https:\/\/raiceseventos.com.ar\/inicio\/wp-json\/wp\/v2\/comments?post=713"}],"version-history":[{"count":13,"href":"https:\/\/raiceseventos.com.ar\/inicio\/wp-json\/wp\/v2\/pages\/713\/revisions"}],"predecessor-version":[{"id":791,"href":"https:\/\/raiceseventos.com.ar\/inicio\/wp-json\/wp\/v2\/pages\/713\/revisions\/791"}],"up":[{"embeddable":true,"href":"https:\/\/raiceseventos.com.ar\/inicio\/wp-json\/wp\/v2\/pages\/556"}],"wp:attachment":[{"href":"https:\/\/raiceseventos.com.ar\/inicio\/wp-json\/wp\/v2\/media?parent=713"}],"curies":[{"name":"wp","href":"https:\/\/api.w.org\/{rel}","templated":true}]}}